{"id":242,"date":"2019-01-14T08:00:20","date_gmt":"2019-01-14T08:00:20","guid":{"rendered":"https:\/\/conter.es\/wp\/?page_id=242"},"modified":"2022-12-13T14:51:50","modified_gmt":"2022-12-13T14:51:50","slug":"trabaja-con-nosotros","status":"publish","type":"page","link":"https:\/\/conter.es\/?page_id=242","title":{"rendered":"Trabaja con nosotros"},"content":{"rendered":"<p>Por favor, env\u00edenos su curr\u00edculum a <a href=\"mailto:info@conter.es\">info@conter.es<\/a><\/p>\n\n\n\n<p>INFORMACI\u00d3N PROTECCI\u00d3N DE DATOS DE CONTER<\/p>\n\n\n\n<p><strong>Finalidades:<\/strong> disponer de su curr\u00edculum para participar en nuestros procesos de selecci\u00f3n de personal.<\/p>\n\n\n\n<p><strong>Derechos:<\/strong>\u00a0 puede retirar su consentimiento en cualquier momento, as\u00ed como acceder, rectificar, suprimir sus datos y dem\u00e1s derechos en <a href=\"mailto:info@conter.es\">info@conter.es<\/a><\/p>\n\n\n\n<p><strong>Informaci\u00f3n Adicional:<\/strong> puede ampliar la informaci\u00f3n en el enlace de <a href=\"https:\/\/conter.es\/?page_id=3\">Pol\u00edtica de Privacidad<\/a>.<\/p>\n","protected":false},"excerpt":{"rendered":"<p>INFORMACI\u00d3N PROTECCI\u00d3N DE DATOS DE CONTER Finalidades: disponer de su curr\u00edculum para participar en nuestros procesos de selecci\u00f3n de personal. Derechos:\u00a0 puede retirar su consentimiento en cualquier momento, as\u00ed como acceder, rectificar, suprimir sus datos y dem\u00e1s derechos en info@conter.es Informaci\u00f3n Adicional: puede ampliar la informaci\u00f3n en el enlace de Pol\u00edtica de Privacidad.<\/p>\n","protected":false},"author":1,"featured_media":0,"parent":0,"menu_order":0,"comment_status":"closed","ping_status":"closed","template":"","meta":{"footnotes":""},"class_list":["post-242","page","type-page","status-publish","hentry"],"_links":{"self":[{"href":"https:\/\/conter.es\/index.php?rest_route=\/wp\/v2\/pages\/242","targetHints":{"allow":["GET"]}}],"collection":[{"href":"https:\/\/conter.es\/index.php?rest_route=\/wp\/v2\/pages"}],"about":[{"href":"https:\/\/conter.es\/index.php?rest_route=\/wp\/v2\/types\/page"}],"author":[{"embeddable":true,"href":"https:\/\/conter.es\/index.php?rest_route=\/wp\/v2\/users\/1"}],"replies":[{"embeddable":true,"href":"https:\/\/conter.es\/index.php?rest_route=%2Fwp%2Fv2%2Fcomments&post=242"}],"version-history":[{"count":10,"href":"https:\/\/conter.es\/index.php?rest_route=\/wp\/v2\/pages\/242\/revisions"}],"predecessor-version":[{"id":747,"href":"https:\/\/conter.es\/index.php?rest_route=\/wp\/v2\/pages\/242\/revisions\/747"}],"wp:attachment":[{"href":"https:\/\/conter.es\/index.php?rest_route=%2Fwp%2Fv2%2Fmedia&parent=242"}],"curies":[{"name":"wp","href":"https:\/\/api.w.org\/{rel}","templated":true}]}}