{"id":417,"date":"2019-02-13T09:04:07","date_gmt":"2019-02-13T09:04:07","guid":{"rendered":"https:\/\/conter.es\/wp\/?page_id=417"},"modified":"2019-05-19T16:35:15","modified_gmt":"2019-05-19T16:35:15","slug":"big-data","status":"publish","type":"page","link":"https:\/\/conter.es\/?page_id=417","title":{"rendered":"Big Data"},"content":{"rendered":"\n<p>Es el tratamiento y an\u00e1lisis de un gran volumen de datos, tanto estructurados como no estructurados, que forman parte de la mayor\u00eda de las empresas y cuyo tama\u00f1o, complejidad y velocidad de crecimiento dificultan su captura, gesti\u00f3n, procesamiento o an\u00e1lisis mediante tecnolog\u00edas y herramientas convencionales.<\/p>\n\n\n\n<p>A trav\u00e9s del an\u00e1lisis de todo este conjunto de\ndatos, en Conter podemos ayudar a nuestros clientes con sus negocios, ya sea,\nen una l\u00ednea de producci\u00f3n, en el control de calidad, en los ensayos en\nlaboratorios, etc. <\/p>\n","protected":false},"excerpt":{"rendered":"<p>Es el tratamiento y an\u00e1lisis de un gran volumen de datos, tanto estructurados como no estructurados, que forman parte de la mayor\u00eda de las empresas y cuyo tama\u00f1o, complejidad y velocidad de crecimiento dificultan su captura, gesti\u00f3n, procesamiento o an\u00e1lisis mediante tecnolog\u00edas y herramientas convencionales. A trav\u00e9s del an\u00e1lisis de todo este conjunto de datos, &hellip; <\/p>\n<p class=\"link-more\"><a href=\"https:\/\/conter.es\/?page_id=417\" class=\"more-link\">Continuar leyendo<span class=\"screen-reader-text\"> \u00abBig Data\u00bb<\/span><\/a><\/p>\n","protected":false},"author":1,"featured_media":550,"parent":0,"menu_order":0,"comment_status":"closed","ping_status":"closed","template":"","meta":{"footnotes":""},"class_list":["post-417","page","type-page","status-publish","has-post-thumbnail","hentry"],"_links":{"self":[{"href":"https:\/\/conter.es\/index.php?rest_route=\/wp\/v2\/pages\/417","targetHints":{"allow":["GET"]}}],"collection":[{"href":"https:\/\/conter.es\/index.php?rest_route=\/wp\/v2\/pages"}],"about":[{"href":"https:\/\/conter.es\/index.php?rest_route=\/wp\/v2\/types\/page"}],"author":[{"embeddable":true,"href":"https:\/\/conter.es\/index.php?rest_route=\/wp\/v2\/users\/1"}],"replies":[{"embeddable":true,"href":"https:\/\/conter.es\/index.php?rest_route=%2Fwp%2Fv2%2Fcomments&post=417"}],"version-history":[{"count":1,"href":"https:\/\/conter.es\/index.php?rest_route=\/wp\/v2\/pages\/417\/revisions"}],"predecessor-version":[{"id":418,"href":"https:\/\/conter.es\/index.php?rest_route=\/wp\/v2\/pages\/417\/revisions\/418"}],"wp:featuredmedia":[{"embeddable":true,"href":"https:\/\/conter.es\/index.php?rest_route=\/wp\/v2\/media\/550"}],"wp:attachment":[{"href":"https:\/\/conter.es\/index.php?rest_route=%2Fwp%2Fv2%2Fmedia&parent=417"}],"curies":[{"name":"wp","href":"https:\/\/api.w.org\/{rel}","templated":true}]}}